ue
Let m(j) = 77*j - 2887. Does 2 divide m(91)?
True
Suppose -4*z = -z - 924. Let y be z/33 + (-4)/3. Is -6*(2 + (-52)/y) a multiple of 16?
False
Let c(d) = d**3 + 15*d**2 + 6. Let f be c(-15). Suppose -2 = -f*w + 4. Is 273/w + (-2)/((-6)/9) a multiple of 46?
True
Let k = 36 + -101. Let t = 65 + k. Suppose -168 = -3*f - t*f. Is 9 a factor of f?
False
Suppose -50*w - 985005 = 52*w - 137*w. Is w a multiple of 96?
False
Let g = -266 - -174. Let l be 38/8 + (-23)/g. Suppose 3*u = -f + 153, l*f + u - 608 = 143. Is f a multiple of 25?
True
Let s = 459 + -411. Let l be (-37 + 9/3)*-1. Suppose -l - s = -m. Does 13 divide m?
False
Let i = 802 + -464. Let l = -178 + i. Does 16 divide l?
True
Let s be -10 - (-25)/5 - (-301)/(-1). Let j = -116 - s. Is 19 a factor of j?
True
Suppose -5*g - 12*w - 85 = -7*w, 3*w = g + 9. Does 45 divide 262/4 - g/(-10)?
False
Is 8 a factor of -2*368*(-40)/40?
True
Suppose -5*c = 3*h - 86011, -2*c + 34417 = -98*h + 95*h. Does 187 divide c?
True
Suppose 5*u = -y + 15, -2*u - y + 7 = 1. Suppose n + 3*a + 3 - 13 = 0, -115 = -4*n + u*a. Let f = n + -2. Is f a multiple of 23?
True
Let m(y) = 28*y**2 - 511*y + 81. Does 17 divide m(22)?
False
Suppose j - 2259 = 3*n, 2*j - 1814 = 2*n + 2732. Is 12 a factor of j?
True
Let h be -51*5/((-45)/(-12)). Let b = 71 + h. Suppose -1 = b*o - 19. Is o a multiple of 6?
True
Suppose 1925 = 2*d + 5*q, -5*d + 5286 = 3*q + 407. Is d a multiple of 4?
True
Let o be 0 + 149 + -2 + 84/(-21). Suppose o*j + 81 = 146*j. Does 3 divide j?
True
Let a be (-12)/(-20) + 7497/5. Suppose -17*o = -a - 1407. Does 9 divide o?
True
Suppose 4*q + 6*c - 4*c - 20 = 0, -3*c + 26 = 5*q. Suppose 0 = 3*x + 5*f - 707, -3*f = -q*x - f + 934. Suppose x - 48 = 6*r. Is r a multiple of 3?
False
Let d(w) = w**2 + 30*w + 89. Let n be d(-19). Is 6/5*(-67400)/n a multiple of 12?
False
Suppose 2*g - 17573 = d, -156*g - 5*d + 17567 = -154*g. Is g a multiple of 29?
False
Let y(n) = 5167*n - 403. Is 230 a factor of y(3)?
False
Let k(a) = a**2 + 14*a + 19. Let n be k(-13). Suppose -4*y = m - 1348, -5*y - 7*m + 1686 = -n*m. Does 63 divide y?
False
Let u(w) = w**2 - 6*w - 2. Let k be u(10). Suppose -b - 71 = 2*s, 4*s - 2*b + k = 3*s. Let m = 55 + s. Is 4 a factor of m?
False
Let r be -1 - (76 - 0)/4. Does 16 divide (-20772)/(-48) - (-15)/r?
True
Suppose -4*n = -5*p + 207 - 33, -4*n - 156 = 4*p. Does 17 divide n/246 - 859/(-6)?
False
Let a(g) = 19*g. Let j be a(5). Let z = j + -181. Let o = 158 + z. Is o a multiple of 5?
False
Let x be (26/(-4))/(((-110)/20)/11). Let d(f) = 12*f + 4. Is d(x) a multiple of 8?
True
Suppose -1835*m - 58380 = -1849*m. Is m a multiple of 30?
True
Suppose 796 = 5*y + 4*i, 1189*i - 1190*i - 1 = 0. Is 10 a factor of y?
True
Let d(k) = 105*k - 9280. Does 7 divide d(129)?
False
Suppose -4*t + 5*f = -1552, -4*f = -t - 5*f + 388. Suppose 3*p + 2 = 17, -39 = -2*y - 5*p. Suppose -j = 4*w - t, 0 = -5*w - 3*j + y*j + 464. Does 32 divide w?
True
Let n be 186/26 - 2/13. Suppose n*z = 2*z + t + 210, -2*t = 0. Is z a multiple of 3?
True
Suppose 0 = 4*p - 2*p. Suppose 0 = 5*i - n + 14, -3*i = 2*n - p*n - 2. Let j = i + 118. Is 12 a factor of j?
False
Let v(g) = 161*g**2 - 322*g - 2496. Is v(-8) a multiple of 20?
False
Suppose 36*r + 5939 = q + 37*r, 17853 = 3*q - 3*r. Does 41 divide q?
True
Let w(i) = 5*i**3 - 11*i**2 + 30*i - 12. Is w(6) a multiple of 4?
True
Is 5130/(-180)*254/(-3) a multiple of 19?
True
Let l(q) = -12*q - 56. Let j be l(29). Let x = -159 - j. Is 12 a factor of x?
False
Let q = -227 + 328. Let l = q + 1095. Is 9 a factor of l?
False
Let w = -119 + 123. Suppose w*j = f + 1839, -17*j - 5*f = -13*j - 1869. Is j a multiple of 27?
False
Let t = 24 + -20. Suppose -4*u + 2*q - 784 = 0, 0*u - t*q + 398 = -2*u. Does 39 divide u/(-6)*252/30?
True
Let h = -17 - -15. Let w be (h - (-9 - -4))/(3/2). Let l = 12 - w. Is 3 a factor of l?
False
Suppose 59*i = 55*i + 1788. Suppose s - i = -3*d - 74, 2*s = d + 718. Is s a multiple of 37?
False
Let i be 8/(-76) - 194/(-38). Suppose i*p + 50 = 130. Does 41 divide p/(-4) + 103 + -2?
False
Suppose 10*w = 6*w - p + 77, -w + 3*p = -3. Is 0 - (w/10 + -1)*-795 a multiple of 12?
True
Suppose -25*p = -20*p. Suppose p = 6*g - 159 - 339. Is 5 a factor of g?
False
Let d be 29 - 36 - (0 + -19). Is ((-2257)/(-122))/(1/d*1) a multiple of 3?
True
Let f(m) = 546*m**2 - 537*m**2 + 2 - 8*m + m**3 - 2*m**3. Let q be f(8). Suppose -r = 3*z - 36, -36 = -3*z + 4*r - q*r. Is 5 a factor of z?
False
Suppose 5*z + 54 = n - 73, 4*n - 490 = 2*z. Let y = n + -86. Is 6 a factor of y?
True
Let c(m) = -2*m**3 + 59*m**2 + 36*m - 20. Let r be c(30). Suppose -3*f - 5*i + 323 = -f, f + 4*i - r = 0. Does 2 divide f?
True
Let m be 1*69 + (63 - 67). Is 8 a factor of 1 + 13/(m/400)?
False
Let p be 20*(1/(-5))/(16/(-40)). Let z = p - 10. Suppose z = -v + 72 + 87. Is v a multiple of 18?
False
Suppose 3*c - s - 11 = 0, 12 = 4*c + 3*s - 7. Suppose 656 = 3*p + 3*o - 376, -5*p = -c*o - 1756. Is 29 a factor of p?
True
Let y = -26 + 22. Let x be (-7 - -2 - y) + 3. Suppose 5*h + 116 = 4*o + 608, o = -x*h + 189. Does 12 divide h?
True
Let p = 1329 - 609. Is 3 a factor of p?
True
Suppose 0 = 5*a + 35 - 190. Suppose 0 = -s + g + a + 6, -g - 75 = -2*s. Is 19 a factor of s*(-1)/2*-3?
True
Let j(q) = -q**2 - 41*q + 73. Let z be j(-33). Let w = z - -480. Does 43 divide w?
True
Let f(d) = -132*d + 392. Is f(-12) a multiple of 11?
False
Let k(o) = 25*o**2 + 31*o - 863. Does 15 divide k(-44)?
False
Let r be ((-12)/(-10))/(21/(-30) - -1). Let k = 8 - r. Does 8 divide k*6/15*20?
True
Let x be 1/((-3)/4*10/(-60)). Let i be (-6*(-4)/30)/(x/2740). Let k = 8 + i. Does 30 divide k?
False
Let v = -6641 - -8709. Is v a multiple of 11?
True
Let z = 2335 - 1134. Suppose 0*w - 10 = 2*w, 0 = 2*h - 5*w - z. Does 21 divide h?
True
Suppose -4*v + 2*n + 1318 = 0, 19*v + 1645 = 24*v - 5*n. Does 21 divide v?
False
Let j = 7882 - 7770. Does 17 divide j?
False
Suppose 2*z - 4*n - 13040 = 0, 42*n = 38*n + 16. Does 29 divide z?
False
Let k(c) = -7957*c - 552. Does 30 divide k(-6)?
True
Suppose 3*s = 6, 5*w + 3 - 12 = 3*s. Let i(r) = w*r + 3*r + 9 - 10*r. Is 3 a factor of i(-4)?
False
Let x be (-24)/40 - 54/5*88. Let a = x + 1614. Does 13 divide a?
True
Let l(k) = -4*k**3 + 48*k**2 - 178*k + 49. Is 24 a factor of l(-16)?
False
Suppose -4712 = -2*v - 4*k, -93*v + 5*k = -98*v + 11760. Does 98 divide v?
False
Does 16 divide 3375202/451 + (-4)/(-22)?
False
Let v = 2404 - 1473. Suppose 19*d - v = -0*d. Let f = 71 + d. Does 20 divide f?
True
Let u = -83 + 41. Let p = -40 - u. Suppose 3*l = p*l + 139. Is 14 a factor of l?
False
Let k be (-3 - (2 + -4)) + 4. Let s(n) = 43*n - k*n**2 + 50*n + 32 - 93*n. Is 4 a factor of s(0)?
True
Suppose 35*i - 88307 = -6*i - 13031. Is 48 a factor of i?
False
Suppose 68082 - 17409 = 9*r - 2*r. Does 36 divide r?
False
Let m = -6 + 683. Suppose -273 = -2*c - 4*n + m, -c = n - 473. Is c a multiple of 23?
False
Suppose 15 = 3*d - 111. Let q = d + -46. Let s(h) = 7*h**2 - 8*h - 4. Does 14 divide s(q)?
True
Let z be ((-7)/2)/(11/22). Is 14 a factor of (-6 - (-195)/35) + (-3237)/z?
True
Does 12 divide (155412/(-6))/(-9) + -3?
False
Suppose -356*k + 178*k + 86280 = -172*k. Is k a multiple of 27?
False
Let i = 12009 + 3379. Is 106 a factor of i?
False
Does 32 divide -1057*(-36)/(-126)*-8?
False
Let c(s) = 72*s**3 - s**2 - 148*s**3 - s - s**2. Let j be c(-1). Suppose -105 = -5*o + j. Does 10 divide o?
False
Let j(x) = x**2 + 999*x + 5009. Is 3 a factor of j(-5)?
True
Let j(i) = -2*i**3 + 33*i**2 + i + 11. Let o(v) = 3*v**3 - 50*v**2 - v - 16. Let m(k) = 8*j(k) + 5*o(k). Is m(5) a multiple of 17?
False
Let u(s) = -2*s**3 + 5*s**2 - 5*s + 9. Let x be u(2). Suppose -x*r + 474 = 69. Is 5 a factor of r?
True
Let w = 78 - 141. Let j be (-105)/6*108/w. Let k = j + -6. Does 3 divide k?
True
Suppose 37*z - 5080 = 29*z. Is 10 a factor of z?
False
Let f = -6 + 4. Let i be (3/f)/((12/4)/(-30)). Suppose -i*u = -2*u - 702. Is u a multiple of 11?
False
Let a be -46*(-22)/8 + 2/4. Suppose 60 = a*x - 126*x. Is 4 a factor of x?
True
Let h = 975 - 971. Suppose -h*u = 4*k - 4612, 10*u = 7*u - 3. Is k a multiple of 8?
False
Suppose -26583 = 11*k - 13*k + 4437. Is 192 a factor of k?
False
Let d be (4/(-7))/((-8)/28). Suppose -40 = p - 6*p - d*n, 0 = -3*p + n + 13. 